{"id":346,"date":"2022-09-21T11:31:00","date_gmt":"2022-09-21T11:31:00","guid":{"rendered":"http:\/\/dummy.xtemos.com\/woodmart2\/accessories\/?post_type=product&#038;p=346"},"modified":"2023-12-04T15:59:40","modified_gmt":"2023-12-04T18:59:40","slug":"fita-de-led-5730-220v-branco-1m","status":"publish","type":"product","link":"https:\/\/desenvolvidopelaangoweb.com\/tecmicro\/produto\/fita-de-led-5730-220v-branco-1m\/","title":{"rendered":"Fita de LED 5730 220V Branco 1m"},"content":{"rendered":"<div class=\"wpb-content-wrapper\"><p>[vc_row][vc_column][vc_column_text woodmart_inline=&#8221;no&#8221; text_larger=&#8221;no&#8221;]\u00e9 flex\u00edvel, proporciona baixo consumo de energia e longa vida \u00fatil. Devido \u00e0s suas dimens\u00f5es a Fita LED SMD 5730 Branco Frio 20W 220V IP67 se ajusta bem a projetos que necessitam iluminar grandes extens\u00f5es. De f\u00e1cil instala\u00e7\u00e3o e fixa\u00e7\u00e3o, a Fita LED SMD 5730 Branco Frio 20W 220V IP67 valoriza o trabalho de arquitetos, decoradores e lighting designers. Com apenas um cabo de alimenta\u00e7\u00e3o \u00e9 poss\u00edvel ligar at\u00e9 50 metros deste modelo de fita. Temperatura de cor: 6000K[\/vc_column_text][\/vc_column][\/vc_row]<\/p>\n<\/div>","protected":false},"excerpt":{"rendered":"<p>[vc_row][vc_column][vc_column_text woodmart_inline=&#8221;no&#8221; text_larger=&#8221;no&#8221;]\u00e9 flex\u00edvel, proporciona baixo consumo de energia e longa vida \u00fatil. Devido \u00e0s suas dimens\u00f5es a Fita LED<\/p>\n","protected":false},"featured_media":844,"comment_status":"open","ping_status":"closed","template":"","meta":[],"product_cat":[81,23,101,102],"product_tag":[],"class_list":{"0":"post-346","1":"product","2":"type-product","3":"status-publish","4":"has-post-thumbnail","6":"product_cat-componentes-discretos","7":"product_cat-componentes-eletronicos","8":"product_cat-diodos","9":"product_cat-leds","11":"first","12":"instock","13":"shipping-taxable","14":"purchasable","15":"product-type-simple"},"_links":{"self":[{"href":"https:\/\/desenvolvidopelaangoweb.com\/tecmicro\/wp-json\/wp\/v2\/product\/346","targetHints":{"allow":["GET"]}}],"collection":[{"href":"https:\/\/desenvolvidopelaangoweb.com\/tecmicro\/wp-json\/wp\/v2\/product"}],"about":[{"href":"https:\/\/desenvolvidopelaangoweb.com\/tecmicro\/wp-json\/wp\/v2\/types\/product"}],"replies":[{"embeddable":true,"href":"https:\/\/desenvolvidopelaangoweb.com\/tecmicro\/wp-json\/wp\/v2\/comments?post=346"}],"wp:featuredmedia":[{"embeddable":true,"href":"https:\/\/desenvolvidopelaangoweb.com\/tecmicro\/wp-json\/wp\/v2\/media\/844"}],"wp:attachment":[{"href":"https:\/\/desenvolvidopelaangoweb.com\/tecmicro\/wp-json\/wp\/v2\/media?parent=346"}],"wp:term":[{"taxonomy":"product_cat","embeddable":true,"href":"https:\/\/desenvolvidopelaangoweb.com\/tecmicro\/wp-json\/wp\/v2\/product_cat?post=346"},{"taxonomy":"product_tag","embeddable":true,"href":"https:\/\/desenvolvidopelaangoweb.com\/tecmicro\/wp-json\/wp\/v2\/product_tag?post=346"}],"curies":[{"name":"wp","href":"https:\/\/api.w.org\/{rel}","templated":true}]}}